= -3*a**2 - 3*a - 1. Calculate s(w).
-7
Let o(z) be the third derivative of -z**6/60 - 3*z**5/10 + 5*z**4/6 + z**3/3 - 7371*z**2. What is o(-10)?
2
Let i(p) be the second derivative of p**8/6720 + p**6/720 - 19*p**5/120 - 49*p**4/12 - 4*p - 4. Let o(b) be the third derivative of i(b). Calculate o(0).
-19
Let v(s) = 2*s**3 - 16*s**2 - 27*s + 15. Let j(r) = r**3 - 8*r**2 - 12*r + 8. Let x(h) = 5*j(h) - 2*v(h). Calculate x(8).
-38
Let s = -166 + 168. Let a(u) = -17*u**s + 10*u**2 + 6*u**2 + u + 2. Determine a(-2).
-4
Let l(k) = 32*k + 86. Let u(d) = -19*d - 51. Let h(s) = 7*l(s) + 12*u(s). Determine h(-12).
38
Let x(s) = s**2 + 3*s + 32. Suppose -2*t + 165*p - 162*p = -6, 2*t + 10 = -5*p. Determine x(t).
32
Let u(r) be the first derivative of -r**4/4 + 10*r**3/3 + 20*r**2 - 11*r + 957. Determine u(13).
2
Suppose 0 = 3*w + 2*n - 17, 2*w = -4*n - 3 + 25. Let l(a) = 40 - 38 - a**w + 9*a - 5*a**2 + a**2. What is l(-6)?
20
Let u be (-26)/4*(-292)/949. Let m(q) = 10*q - 15. Give m(u).
5
Let w(b) = b**3 - 4*b**2 + 6*b + 3. Suppose 6 = 5*x - 9*d, -5*d + 4*d = 4*x - 13. Calculate w(x).
12
Let s(l) = -53*l + 64. Let z(x) = 15*x - 21. Let y(i) = -6*s(i) - 21*z(i). What is y(-20)?
-3
Let w(h) = 17*h**3 - 7*h**2 - 5*h + 6. Let j(i) = i**3 - i**2 - i + 1. Let t(l) = 6*j(l) - w(l). Let m = -81 - -74. Let s = m - -8. Determine t(s).
-11
Let d(i) = -7*i + 165. Let a(b) = -1. Let m(q) = -2*a(q) + d(q). What is m(23)?
6
Let z(a) be the second derivative of 0 + 3/2*a**3 - 4*a**2 - 1/12*a**4 + 2*a. Let c be -6 - (-15 - 2) - (0 + 5). What is z(c)?
10
Let a(x) = -7*x**3 + 5*x**2 + 36*x - 5. Let h(f) = 3*f**3 - 2*f**2 - 16*f + 3. Let n(r) = -4*a(r) - 9*h(r). Give n(4).
25
Suppose -6*c + 30 - 60 = 0. Let u = c + 12. Let f(s) = -6 - 4 - 2 + 3*s + 7. Determine f(u).
16
Let z = 1950721/120 + -16256. Let p(j) be the third derivative of 0*j + z*j**6 + 1/24*j**4 - 1/20*j**5 + 1/2*j**3 + 0 - 34*j**2. Give p(3).
6
Suppose 2*j = -4*f, 4*j = -f - 26 + 19. Let v(s) be the first derivative of 6 - 1/3*s**3 + 0*s - s**2. Determine v(j).
0
Let y = -313 - -199. Let f = y + 114. Suppose -9*i - 1 - 107 = f. Let w(a) = a**3 + 12*a**2 + a + 9. Give w(i).
-3
Let c(j) = -j - 2. Let x be 4*((-12)/(-1))/6. Suppose -43*d - x = -41*d. Calculate c(d).
2
Let l(z) = z**3 - 20*z**2 + 37*z - 19. Let b be l(18). Let d(c) = -46*c - 36. Let q be d(b). Let f(r) = -r**2 + 9*r + 5. Give f(q).
-5
Let x be (-20)/(-4) + (474384 - 6)/6. Let p(w) = -28*w**3 + x - 79068 + w + 2*w**2. Determine p(-1).
29
Let r = 733/10236 + 10/853. Let c(u) be the third derivative of 5*u**2 + 0*u + 1/2*u**3 + 1/60*u**6 - r*u**4 - 1/30*u**5 + 0. Determine c(2).
7
Let c(s) = 9*s**3 + 39*s**2 - 29*s - 21. Let u be (0/4)/4 - (-12)/(-4). Let t(n) = -4*n**3 - 19*n**2 + 15*n + 11. Let d(f) = u*c(f) - 7*t(f). Determine d(-17).
3
Let r(c) be the third derivative of -c**6/360 - c**5/120 - c**4/8 - 47*c**3/6 - 86*c**2. Let i(u) be the first derivative of r(u). Let j = -8 - -5. Give i(j).
-9
Let d(w) = -15*w**2 + 20. Let r(o) = 45*o**2 - 57. Let m(u) = 17*d(u) + 6*r(u). Let t(k) = 737*k**2 - 99. Let f(v) = -99*m(v) + 2*t(v). Calculate f(-1).
-11
Suppose -s - 8 + 2 = 0. Suppose 5*i = -0*i - 2*r, 4*i + 5*r = -17. Let v(a) = -467*a + 4 - 464*a - a**i + 927*a. Determine v(s).
-8
Let i(n) = 2*n + 9. Let d(w) = -17*w - 65. Let u(h) = -2*d(h) - 15*i(h). What is u(3)?
7
Let r(t) = 2*t**3 + 18*t**2 + 12*t - 35. Let d = -4483 + 4475. Determine r(d).
-3
Let v(g) = 14*g**3 + 12*g**2 - 16*g - 10. Let h(q) = 5*q**3 + 4*q**2 - 5*q - 3. Let b(m) = -11*h(m) + 4*v(m). Let i = 5119 - 5125. What is b(i)?
-25
Let m(x) = -5*x**2 + 11*x. Let c(g) = 14*g**2 - 32*g. Let f(o) = 6*c(o) + 17*m(o). Let y(s) = -s**3 + 2*s**2 + 63*s - 5. Let r be y(9). Calculate f(r).
0
Let h be 9/(-12) - (-45)/12. Let k = h + 38. Let q = k + -37. Let d(s) = s**2 - 4*s - 4. Calculate d(q).
-4
Let h(t) be the third derivative of 7*t**4/12 - 2*t**3 - 4*t**2. Give h(-4).
-68
Let g(z) = -40*z + 86*z - 38*z - 2 + 0 + 4. What is g(2)?
18
Suppose 2 = 4*z - 10. Let i(y) = -z*y - 179 + y + y + 171. What is i(-8)?
0
Let v(p) = -2*p + 13747 - 7*p - 7*p - 5*p - 13745 - 5*p**2. Calculate v(-3).
20
Let f(i) be the third derivative of i**4/8 - i**3/3 + 2*i**2. Let a be 2 + 7 - 12/3. Let s be ((-24)/10)/((-2)/a). Give f(s).
16
Let t(l) = -l**2 - 24*l + 147. Let j be t(5). Let d(f) = -543 - f**j + 543. What is d(3)?
-9
Suppose 0 = -x - 0*x + 19. Let r = 17 - x. Let h be (7 + -9)/(r/(-5)). Let d(b) = b**2 + 5*b - 5. What is d(h)?
-5
Let r(y) = 2 + y**2 + 5*y + 0*y**2 - 3. Suppose -3*l = -t + 29, -17*t + 2*l - 60 = -21*t. Suppose -25*x - 32 = -t*x. Determine r(x).
-5
Let d(p) = -8*p + 12. Let v(c) = -42*c + 64. Let h(w) = 22*d(w) - 4*v(w). Determine h(7).
-48
Let r(j) = j**2 + 16*j + 76. Suppose -m + 7*c = -27 - 8, 77 = -3*m - 5*c. What is r(m)?
48
Let v(o) be the first derivative of -2*o**4 + 2*o**3/3 + o**2 + o + 3616. Calculate v(-1).
9
Let s(n) = n**2 - 9*n + 4. Suppose 347*u + 33 = 350*u. Suppose -3*k + 1 = l - 12, 0 = -5*l + 3*k + u. What is s(l)?
-16
Let y(u) = 11*u + 10. Let i be y(-4). Let m = -34 - i. Suppose 0 = -6*x - m*x - 18. Let q(f) = f + 6. Determine q(x).
3
Suppose 3*c = q - c + 25, -15 = 3*q + 3*c. Let r(j) = 7*j - 38. Let w(d) = -3*d + 18. Let h(z) = q*w(z) - 4*r(z). What is h(-15)?
5
Suppose 2*o - 7*o + 174 = 24*o. Let k(n) = -n**3 + 9*n**2 - 10*n + 11. Determine k(o).
59
Let g(s) = 4*s**3 - 2*s**2 + s + 2. Suppose -r - 248 - 12 = 0. Let m = -261 - r. Give g(m).
-5
Let i(c) = -c**3 + 5*c**2 + 5*c - 10. Let g be i(5). Let y(f) = 7*f - 25*f - g + 4*f + 12*f. Give y(-8).
1
Suppose -w - 55 = -3*i, 52 = 3*i + i + 4*w. Let t(c) = -10*c + 175. What is t(i)?
5
Let r be (79 - 82)*1/(-3). Let v(i) be the first derivative of 7*i**4/4 - i**3/3 - 9. Give v(r).
6
Let y(q) be the second derivative of q**4/24 + 25*q**2/2 - 9*q. Let c(b) be the first derivative of y(b). Let u be (56/12)/(-7) + (-14)/6. Calculate c(u).
-3
Let s(j) = 10*j - 346. Let q(k) = -10*k + 389. Let a(d) = -5*q(d) - 6*s(d). Calculate a(15).
-19
Let r(b) be the second derivative of b**5/20 + 5*b**4/12 + b**2 + 70126*b. Let g be -4 + (2/1)/(-2). Give r(g).
2
Let g(b) = -b**3 + 5*b - 2. Suppose 4*v - 4 + 16 = 0, d = -v - 17. Let m(u) = -u**3 - 15*u**2 - 18*u + 13. Let s be m(d). Let r = s - 66. What is g(r)?
-14
Let a(h) = -4*h + 18519*h**3 - 10*h**2 - 37030*h**3 + 18512*h**3 - 7*h - 14. What is a(11)?
-14
Let u(t) = 10*t + 24. Let q(g) = 2*g**2 + 3*g - 8. Let w be q(-8). Let z be (-1)/((-4)/w*-8). Calculate u(z).
-6
Suppose 4*w - 11 = -3. Suppose -10 = -2*x - 4. Let v(m) = -x*m - 9*m**2 + 4*m + 4*m**2 - w + 3*m. Determine v(2).
-14
Let g = 65 - 137. Let f = g - -75. Let n(h) be the third derivative of -h**5/60 + h**4/24 + 2*h**3/3 - h**2. Give n(f).
-2
Suppose 5*x + l + 743 = 0, 11*l - 731 = 5*x + 8*l. Let y = 154 + x. Let g(m) be the first derivative of m**3/3 - 3*m**2 - 5*m - 1. Calculate g(y).
-5
Let l(v) = -22*v**2 + 1. Suppose 8*z + p - 14 = 4*z, -3*p - 6 = -4*z. Suppose 12*s - z = -15. What is l(s)?
-21
Let x(j) = 2 - 2*j + 51177*j**2 - 51179*j**2 + 5*j. Suppose 4*z - 3 = -3*p + 1, 5*z + 5*p - 10 = 0. What is x(z)?
-12
Suppose 8 = -235*v + 233*v, -2*v - 3 = -5*t. Let k(x) = -4*x**2 + 9*x + 9. Determine k(t).
-4
Let p(d) = -d**2 - 6*d - 5. Let x be (-4)/((-12)/15) + (-3 - 3). Let j(y) = -5*y**2 + 2*y - 1. Let s be j(x). What is p(s)?
-21
Let t(o) = -393 - 386 - o**2 - 15*o + 851 - 4*o. What is t(3)?
6
Suppose -7*l + 6 = -15. Let j be ((-3 - 1) + l)/(-2)*6. Suppose 2*f - j = 5*w, -2 = w + 3*f + 2. Let g(k) = -6*k - 1. What is g(w)?
5
Let z(j) = -2*j**3 + 7*j**2 + 8*j + 4. Let c(x) = 3*x**3 - 10*x**2 - 12*x - 6. Let a = -112 - -105. Let y(h) = a*z(h) - 5*c(h). Determine y(-3).
26
Let y(d) = 2*d**3 + 8*d**2 - d + 1. Let c(h) = -2*h**3 + 92*h**2 - h + 47. Let f be c(46). Let a be -4 + 1 - (f + -2)*-1. Determine y(a).
5
Let x(v) = 7*v**3 + 4*v**2 + 7*v - 2. Let n(z) = -3*z**2 - 178*z - 178. Let l be n(-1). Calculate x(l).
-176
Let n(b) = 6*b + 80. Suppose 0 = -p + 5*t - 7, 7*t - 5 = 12*t. What is n(p)?
8
Let i(u) = -541 + 140 + 137 - 19*u + 132 + 133. Let q = -1 + 2. What is i(q)?
-18
Let i = 0 - -8. Let u(r) = -50*r**2 - 12*r + 12. Let f(x) = -67*x**2 - 13*x + 12. Let j(t) = 3*f(t) - 4*u(t). What is j(i)?
-4
Let s = -596 - -598.